of 71438392?
4
What is the hundred millions digit of 266699425?
2
What is the hundred thousands digit of 41129293?
1
What is the hundreds digit of 135332101?
1
What is the thousands digit of 896203739?
3
What is the ten thousands digit of 108287495?
8
What is the ten millions digit of 385209916?
8
What is the hundred thousands digit of 75859461?
8
What is the millions digit of 1660239075?
0
What is the tens digit of 263537206?
0
What is the thousands digit of 2762080283?
0
What is the tens digit of 1233338921?
2
What is the tens digit of 791692704?
0
What is the thousands digit of 9201681?
1
What is the ten millions digit of 43406929?
4
What is the units digit of 10769966?
6
What is the units digit of 1017016013?
3
What is the ten millions digit of 847075949?
4
What is the hundred thousands digit of 998074165?
0
What is the thousands digit of 987083648?
3
What is the ten thousands digit of 531675832?
7
What is the hundreds digit of 269683749?
7
What is the ten millions digit of 7006744289?
0
What is the billions digit of 1330046955?
1
What is the hundred millions digit of 1689298136?
6
What is the tens digit of 6574611?
1
What is the hundred millions digit of 2753033532?
7
What is the millions digit of 1075403021?
5
What is the ten millions digit of 118217951?
1
What is the ten thousands digit of 42989878?
8
What is the thousands digit of 86818149?
8
What is the tens digit of 156017209?
0
What is the hundreds digit of 131398845?
8
What is the millions digit of 73169859?
3
What is the hundreds digit of 166166181?
1
What is the tens digit of 4187773733?
3
What is the millions digit of 81441222?
1
What is the thousands digit of 20810535?
0
What is the millions digit of 74517005?
4
What is the hundreds digit of 18530178?
1
What is the tens digit of 32832239?
3
What is the billions digit of 5048147045?
5
What is the hundred millions digit of 519885620?
5
What is the thousands digit of 25179185?
9
What is the millions digit of 3908620738?
8
What is the ten thousands digit of 106168526?
6
What is the units digit of 1939662?
2
What is the ten millions digit of 1012928922?
1
What is the units digit of 479600191?
1
What is the hundred thousands digit of 140629971?
6
What is the units digit of 2439477553?
3
What is the hundred thousands digit of 37297676?
2
What is the ten millions digit of 6557610172?
5
What is the hundreds digit of 486158052?
0
What is the units digit of 3869238890?
0
What is the hundred millions digit of 2345899222?
3
What is the ten millions digit of 3400385740?
0
What is the ten millions digit of 24641631?
2
What is the hundred thousands digit of 1655667933?
6
What is the hundreds digit of 6796904?
9
What is the tens digit of 44306557?
5
What is the units digit of 171864343?
3
What is the thousands digit of 490692618?
2
What is the hundreds digit of 10693632?
6
What is the ten thousands digit of 36483304?
8
What is the units digit of 5328450044?
4
What is the tens digit of 1542197540?
4
What is the units digit of 1228407309?
9
What is the hundred millions digit of 1358176924?
3
What is the ten millions digit of 4431207414?
3
What is the units digit of 6282706287?
7
What is the millions digit of 125771282?
5
What is the thousands digit of 3653237?
3
What is the units digit of 39431862?
2
What is the units digit of 1483874?
4
What is the ten millions digit of 17330687?
1
What is the hundred millions digit of 1101112684?
1
What is the tens digit of 10300686?
8
What is the ten millions digit of 42457981?
4
What is the hundreds digit of 104198300?
3
What is the thousands digit of 70060896?
0
What is the hundred thousands digit of 122101234?
1
What is the hundreds digit of 1337545028?
0
What is the hundreds digit of 712075115?
1
What is the thousands digit of 72701842?
1
What is the billions digit of 5066588542?
5
What is the tens digit of 207672551?
5
What is the thousands digit of 2091762506?
2
What is the tens digit of 1325085050?
5
What is the tens digit of 1063829342?
4
What is the hundreds digit of 79649105?
1
What is the thousands digit of 177826001?
6
What is the hundred thousands digit of 396195661?
1
What is the ten thousands digit of 23877327?
7
What is the tens digit of 750166402?
0
What is the hundred thousands digit of 603192769?
1
What is the thousands digit of 808948050?
8
What is the units digit of 142495472?
2
What is the hundred thousands digit of 1637759080?
7
What is the hundred thousands digit of 2217622612?
6
What is the units digit of 520995378?
8
What is the hundred millions digit of 3404499733?
4
What is the ten millions digit of 537554944?
3
What is the millions digit of 155420968?
5
What is the tens digit of 380123259?
5
What is the tens digit of 65679590?
9
What is the ten thousands digit of 2645509666?
0
What is the units digit of 390915001?
1
What is the hundred thousands digit of 58744967?
7
What is the units digit of 4377849796?
6
What is the ten thousands digit of 16626692?
2
What is the hundred thousands digit of 957681768?
6
What is the tens digit of 3489446667?
6
What is the ten thousands digit of 189684514?
8
What is the thousands digit of 410308500?
8
What is the ten millions digit of 83096892?
8
What is the hundred millions digit of 363658036?
3
What is the hundred thousands digit of 35458016?
4
What is the tens digit of 179130012?
1
What is the ten millions digit of 694427823?
9
What is the hundred millions digit of 3905831991?
9
What is the units digit of 3825741211?
1
What is the billions digit of 1180331672?
1
What is the tens digit of 1538983396?
9
What is the thousands digit of 35718781?
8
What is the hundred thousands digit of 919564517?
5
What is the ten thousands digit of 5837326303?
2
What is the units digit of 3340370408?
8
What is the millions digit of 46788823?
6
What is the units digit of 574992883?
3
What is the ten thousands digit of 71646495?
4
What is the hundreds digit of 24389062?
0
What is the hundreds digit of 97703907?
9
What is the tens digit of 13535435?
3
What is the ten thousands digit of 2020588621?
8
What is the ten thousands digit of 6704726?
0
What is the hundred millions digit of 3377452179?
3
What is the hundred thousands digit of 1832303157?
3
What is the thousands digit of 321707273?
7
What is the millions digit of 1254289405?
4
What is the thousands digit of 369355758?
5
What is the ten millions digit of 479591526?
7
What is the thousands digit of 2652345590?
5
What is the hundred millions digit of 2675844994?
6
What is the millions digit of 5871836140?
1
What is the millions digit of 252473996?
2
What is the millions digit of 45033727?
5
What is the hundred thousands digit of 89794723?
7
What is the hundreds digit of 78162985?
9
What is the billions digit of 3471709976?
3
What is the thousands digit of 5089087892?
7
What is the ten millions digit of 42040517?
4
What is the thousands digit of 52241304?
1
What is the millions digit of 4988845786?
8
What is the units digit of 169464666?
6
What is the hundred millions digit of 847504047?
8
What is the ten thousands digit of 531872705?
7
What is the ten thousands digit of 2588596007?
9
What is the hundred millions digit of 519569300?
5
What is the tens digit of 99962562?
6
What is the thousands digit of 101222200?
2
What is the units digit of 1076910835?
5
What is the thousands digit of 814705030?
5
What is the hundred thousands digit of 2002977121?
9
What is the millions digit of 633472756?
3
What is the millions digit of 285207255?
5
What is the thousands digit of 519003116?
3
What is the thousands digit of 297182222?
2
What is the ten millions digit of 95357731?
9
What is the hundred thousands digit of 73174932?
1
What is the hundred thousands digit of 27748390?
7
What is the tens digit of 94303780?
8
What is the millions digit of 239400403?
9
What is the hundred millions digit of 118701003?
1
What is the hundred millions digit of 773213820?
7
What is the millions digit of 101669417?
1
What is the thousands digit of 879413481?
3
What is the hundred millions digit of 2374552360?
3
What is the millions digit of 70955076?
0
What is the hundreds digit of 321656523?
5
What is the ten thousands digit of 77368545?
6
What is the hundred millions digit of 712445840?
7
What is the units digit of 46790393?
3
What is the 